be -2 + 12/8 - (-591)/6. Let j = 170 - o. Suppose -5*n + 56 = t + 10, 0 = -t - 2*n + 40. Calculate the highest common factor of t and j.
36
Let b(j) = -45*j + 456. Let i be b(10). Calculate the highest common divisor of i and 204.
6
Let r be (-4)/30 - (-11111882)/915. Calculate the highest common factor of r and 176.
176
Let f(o) = o**3 - 18*o**2 - 78*o - 55. Let b be f(22). Calculate the greatest common factor of 132 and b.
33
Suppose 147 = 3*q - 3*b, 0 = -20*q + 21*q - 4*b - 58. Calculate the greatest common factor of q and 4462.
46
Suppose 5*n - 5*h = 2*n + 57, -h - 21 = -n. Calculate the highest common divisor of 3 and n.
3
Let c = -11201 + 11207. Let w = -1 - -6. Let h be -2 + w/((-5)/(-68)). Calculate the greatest common divisor of c and h.
6
Let h = -5734 - -5742. What is the greatest common factor of 506 and h?
2
Suppose -m - 2405 = -5*p, 1465 = -24*p + 27*p - 5*m. What is the greatest common factor of 1900 and p?
20
Let y = 10286 + -9593. What is the greatest common divisor of y and 72?
9
Suppose -5*h + 6*h = -3*b + 10, -3*h + 9 = 2*b. Suppose -b*x = -4*x + 39. Calculate the greatest common divisor of x and 26.
13
Let f = -9917 + 9924. Calculate the highest common factor of 4515 and f.
7
Let h = -297 - -314. Suppose -h*z + 22 = -6*z. Calculate the highest common divisor of 74 and z.
2
Suppose -4*n = 12, -78*n = -a - 77*n + 2464. What is the greatest common factor of a and 107?
107
Let r(l) = 2*l**2 + 20*l + 59. Let t = 224 - 228. Let p be r(t). Calculate the greatest common factor of 121 and p.
11
Suppose -56*d + 48842 = -3574. What is the highest common divisor of d and 416?
104
Suppose 0 = 4*i - 20, 2*a - i - 6 = -1. Let c(w) = -w**3 + 5*w**2 + 10*w - 46. Let y be c(a). Calculate the highest common divisor of y and 68.
4
Let z be 24 + 0 + (0 - 4). Let n = 2926 - 2506. Calculate the greatest common factor of n and z.
20
Let z(o) = o**3 - 26*o**2 + 94*o - 33. Let i be z(3). Let f(b) = b + 7. Let u be f(5). What is the highest common factor of i and u?
6
Suppose 10*w = 9*w + 4. Let c(m) = 3*m - 8. Let s be c(w). Let v(n) = n**2 - n + 1. Let d be v(s). What is the highest common factor of 104 and d?
13
Let b = 239 + -221. Let o be 3 - -159 - (b - 16). Calculate the greatest common factor of 96 and o.
32
Let i be 11624/120 - (2 + 0) - (-48)/360. Calculate the highest common divisor of i and 1121.
19
Suppose -9*p - 1 = -8*p. Let m be 3/2*p*6/(-9). Suppose -m = b - 35. What is the highest common divisor of b and 51?
17
Let j = 544 + -328. Let f = 71 + -17. What is the highest common divisor of f and j?
54
Let u(d) = 20*d - 138. Let o be u(7). Suppose 0 = -2*h, -754 = -3*w + o*h - 259. Calculate the greatest common factor of 5 and w.
5
Let i be (21 + 0)*(-378)/(-49). Suppose -3*x + 12*x + i = 0. Let u be (x/(-15) - 2)/((-2)/160). What is the greatest common divisor of 8 and u?
8
Let f be 43 - (5 + 114/(-18))*-3. Let a(w) = 2*w**2 + 11*w + 14. Let z be a(-10). What is the greatest common divisor of f and z?
13
Let v(c) = 98*c**2 - 2*c - 2. Let m be v(-1). Let l = m + -79. Suppose 9*d - l = 8. What is the highest common factor of d and 27?
3
Let q(m) = 32*m**2 - 35*m - 121. Let u be q(12). What is the greatest common factor of u and 332?
83
Suppose -7790 = -4*l + a, -4*l - 2*l + 3*a = -11694. What is the highest common factor of 70 and l?
14
Let x be ((-711)/(-54) + -13)/(1/24). Suppose i = 9 + 37. Calculate the greatest common divisor of i and x.
2
Suppose -103 = -4*g - 95. Suppose -5*z + 324 = 4*h, 7*z - g*z = -3*h + 238. Calculate the greatest common factor of 258 and h.
86
Let b be (-24)/(-5) + (-12)/15 + -2. Let y = -159 + 277. Calculate the greatest common divisor of y and b.
2
Let j = -4768 - -4777. What is the highest common factor of 249 and j?
3
Let z = -231 - -247. Suppose 0 = 24*g - z*g - 64. What is the highest common divisor of 80 and g?
8
Let a be 9/15 - 198/55. Let k = -4 - -6. Let n be (84/(-2))/(a/k). What is the greatest common factor of 84 and n?
28
Let g(q) = 102*q - 1787. Let h be g(21). Calculate the greatest common factor of h and 2911.
71
Let y(w) = -w**3 + 14*w**2 + 7*w - 92. Suppose -99 + 190 = 7*a. Let b be y(a). What is the highest common divisor of b and 84?
84
Let z be 1194 - ((-4)/(-5) + 104/20). What is the highest common factor of 528 and z?
132
Suppose -6 = -3*x, -x = 3*d - 3259 + 737. What is the greatest common factor of 9 and d?
3
Suppose 184*c - 193*c - 4*z + 1302 = 0, 2*c - 2*z - 272 = 0. What is the greatest common factor of c and 26?
2
Suppose 61*k - 64*k + 6 = 0. Suppose k*r + 2 - 8 = 0, -p + 2*r = -109. What is the greatest common factor of 69 and p?
23
Let j be 0*(46/(-12))/23. Suppose j = -2*w - 2*t + 182, 5*w - 2*t - 610 = -155. Calculate the highest common factor of w and 14.
7
Suppose -1118*q = -1077*q - 36531. Calculate the greatest common factor of q and 231.
33
Suppose -136*w + 4*m + 56 = -134*w, 0 = -5*w - 2*m + 200. What is the highest common factor of 22 and w?
2
Let y(q) = -46*q + 491. Let z be y(9). What is the greatest common divisor of 55 and z?
11
Suppose -48 = -2*i - 0*i. Suppose 4*m + 4*f = i, 0 = m - 3*m + f + 21. Suppose -947 = -24*z + 133. Calculate the greatest common factor of m and z.
9
Let n = -1696 - -2851. Suppose 2*o = -3*o + n. Suppose 0 = -14*t + 3*t + o. What is the highest common factor of t and 21?
21
Let q = -6 + 9. Suppose -k + 2*t + t + 25 = 0, 0 = -q*k + 5*t + 79. Let f be ((-4)/(16/(-105)))/((-18)/(-48)). Calculate the greatest common divisor of k and f.
14
Suppose 103*i - 1736 - 3115 = 26*i. Suppose 461 = 3*x - m, -4*x - 3*m + 610 = -2*m. What is the highest common divisor of i and x?
9
Let y(v) = -v**3 + 22*v**2 - 19*v - 42. Let h be y(21). Suppose -5*j = x - 2*x + 23, h = -3*x + 2*j + 17. Calculate the highest common divisor of 3 and x.
3
Let b be (-1)/(-15)*-2 - 43364/(-555). Suppose -182 = -4*w + v, 4*v + 20 = 2*w - b. What is the highest common factor of w and 15?
15
Suppose 7*x + t = 8*x - 241, -2*x + 3*t = -486. What is the highest common factor of 27 and x?
3
Suppose 2*g = -0*g + 8, 4*q = -3*g + 128. Let y = -30 + q. Let o(d) = -39*d + 2. Let z be o(y). What is the greatest common divisor of z and 205?
41
Suppose 0 = -4*g - 2*v + 742, 45*g - 724 = 41*g + 4*v. What is the highest common divisor of 84 and g?
4
Let r = 279 - 246. Suppose 29 = 9*k - 7*k - l, -2*k = 3*l - r. What is the greatest common factor of 405 and k?
15
Let g(d) = -d**3 + 35*d**2 + d + 49. Let h = -260 - -295. Let z be g(h). What is the highest common divisor of 210 and z?
42
Suppose -11*n + 264 = 2*d - 6*n, 5*n + 304 = 2*d. What is the highest common factor of 3266 and d?
142
Let k be (513/(-15))/(21/(-70)). Let w = k + -103. Calculate the highest common factor of 352 and w.
11
Let q(m) = -m**3 - 31*m + 20. Let o be q(0). Suppose 3*t - 4 = 2*t. Suppose 28 = 4*y + 5*r, -3*y = -4*r + t + 6. Calculate the highest common factor of o and y.
2
Let r = -1628 + 1635. Let u be 4/10 - 52/(-20). Calculate the greatest common divisor of u and r.
1
Suppose 4*s + 6*s - 17*s + 24696 = 0. What is the highest common divisor of s and 60?
12
Let x = -4908 + 4992. Suppose 3*l = -0*l - 60. Let g = l + 41. What is the greatest common factor of x and g?
21
Let l(h) = -3*h**2 + 1. Let q be l(-2). Let v = -2 - q. Suppose -5*w - 121 = -s - 612, -3*s - 87 = -w. Calculate the greatest common divisor of w and v.
9
Let g = -5187 - -5322. What is the highest common divisor of g and 2322?
27
Let k be -8*4/2*2/(-4). Suppose 0 = -10*u - k + 198. Calculate the highest common factor of u and 19.
19
Let t(w) = -w**3 - 22*w**2 + 22*w - 21. Let h be t(-23). Let x be (-5)/(-1) - (-6)/h. Let m = 10 - 9. Calculate the highest common factor of x and m.
1
Suppose -24240*k - 481 = -24253*k. Calculate the highest common factor of 5846 and k.
37
Let l be (2310/27)/((-78)/(-702)). Calculate the greatest common divisor of 112 and l.
14
Let q be 52*((-3)/(-2) - 1). Suppose -99*y + 746*y + 182*y - 53885 = 0. What is the highest common factor of q and y?
13
Suppose -5*r = 12*r - 1394. Let v = r + -70. Calculate the highest common factor of v and 12.
12
Let c = -70 - -86. Let t be 3 + (-10266)/(-36) + 5/(-30). What is the highest common divisor of t and c?
16
Suppose 4*l = 2*l + 48. Suppose 4*w - 10 = 2. Let s be -48*(w - 4/1). Wha